rmine o(c).
-3
Suppose -3*m + 0*m + 32 = 5*f, -3*f - 4*m = -28. Let y(z) = -8*z + 5*z - f*z. What is y(-1)?
7
Let i(n) = n**3 + 7*n**2 + 7*n + 3. Suppose -16 = -0*q - 2*q - 4*d, 3*q - 4 = 4*d. Suppose 0 = 5*w + f + 30, w - 12 = 3*w + q*f. Give i(w).
-3
Let m(d) = -d**3 + 6*d**2 - 2*d - 1. Let t be (-12)/28 + 1356/28. Let v be 1/(-3) - (-400)/t. Suppose 0*l = 4*l - v. Give m(l).
11
Let d(a) be the first derivative of 4*a**3/3 - 10. Let b be d(-1). Let i(v) = v**3 - 3*v**2 - 5*v - 3. Give i(b).
-7
Let f(v) be the third derivative of -v**7/2520 - v**6/90 - 3*v**5/40 - 13*v**4/24 - 31*v**2. Let k(w) be the second derivative of f(w). Determine k(-7).
-2
Let f(m) = -m**3 - 5*m**2 + 8*m + 9. Suppose -g - 15 = -5*u, -4*u + 44 - 8 = 4*g. Suppose -5*t = -5, -i - g*t = -5*i - 29. Determine f(i).
-3
Let t(l) = -115*l**3 + 14*l + 5 + 5 + 14*l**2 + 114*l**3. Calculate t(15).
-5
Let r be 2/8 - 664/(-32). Suppose 0 = -4*m + 11*m - r. Let b(t) = -6*t + 2. What is b(m)?
-16
Let q = -22 - -34. Let i = 16 - q. Suppose i*u = 3*u + 1. Let g(m) = m**3 + 2*m - 1. Calculate g(u).
2
Let q be (1 - 2 - -5) + -2. Suppose -3*p - 29 = -4*s, 4*p + 21 = q*p + 3*s. Let r(t) = -11*t - t**3 + 3 + 22*t - 3*t**2 - 10*t. Calculate r(p).
0
Let r(w) = -35*w - 13. Let l(z) = -96*z - 38. Let i(c) = -4*l(c) + 11*r(c). Calculate i(4).
5
Let u(y) = 2*y**2 - 6*y + 7. Let x = -519 - -526. Determine u(x).
63
Let c(n) = 30 - n**2 + 2*n**2 - 4*n - 37 + 0*n. Calculate c(5).
-2
Let u(r) = -r + 1 - 4*r + 14*r - 7*r. Determine u(9).
19
Let i(d) = 5*d - 2. Let h(q) = 2*q + 2. Let c(k) = 3*h(k) - i(k). Suppose 4 - 9 = -r, 5*v = 2*r - 45. Determine c(v).
1
Let o(g) = -2*g + 8. Let r(v) = v - 4. Suppose -3 - 3 = -2*i. Let h(a) = i*o(a) + 5*r(a). What is h(2)?
2
Let p be (-3)/4 - 18/8. Let m be p/12 - 54/(-24). Suppose -m*k = -5*k + 18. Let l(v) = v**2 - 10*v + 8. Calculate l(k).
-16
Let k(a) = a**3 + 11*a**2 + 3*a - 8. Let t(s) = -3*s**3 - 32*s**2 - 10*s + 24. Let h(q) = -8*k(q) - 3*t(q). Let x be (-22)/3 + 4/12. Determine h(x).
-1
Let v(d) = -3 + 5*d**2 - 4*d**2 + 3*d**2 + 2. Let m(f) = -2*f**2 - 3*f - 2. Let c be m(-2). Let r be (1 + c/2)*1. Give v(r).
3
Let w(k) = k + 1. Let l(r) = 1. Let v(u) = -l(u) - 3*w(u). Let m(c) be the second derivative of -c**5/20 - 3*c**2/2 - 25*c. Let n be m(0). What is v(n)?
5
Let y(t) = t - 1. Suppose -4 = 3*p - 19. Let c(j) be the third derivative of j**6/120 - j**5/10 + j**4/4 - j**3 - 2*j**2. Let q be c(p). Calculate y(q).
-2
Let f(u) = u**3 - 6*u**2 + 7*u - 2. Let b be (4 + 48/(-9))/((-6)/9). Suppose 5*w = -15, b*k - 4*w - 1 = -7*w. Determine f(k).
8
Let z = 18 - 20. Let v = z - 3. Let b(l) = -l**2 - 5*l - 1. Give b(v).
-1
Suppose -2*h + 8 = -6*h. Let f(y) be the first derivative of -5*y**2/2 - y + 100. Calculate f(h).
9
Suppose 2*k - 10 = -3*k. Let v(t) = 5*t**2 - 6*t**k - t**3 - 1 + 6*t - 3*t**2 - 5. Give v(-5).
-11
Suppose 0 = -2*i - 0 - 4, 0 = -5*m + 2*i - 26. Let f(u) = -u**2 - 8*u - 8. Determine f(m).
4
Suppose u = 9*u + 32. Let k(b) = 3*b**3 + 3*b**2 - 6*b + 3. Let s(t) = t**3 - t. Let x(n) = k(n) - 2*s(n). Calculate x(u).
3
Let i be 0 - 2/(-4)*-8. Let b(w) = -w**3 + 11*w**2 - 14*w + 2. Let q(l) = 2*l**3 - 22*l**2 + 27*l - 5. Let z(c) = i*q(c) - 7*b(c). Determine z(10).
6
Let c(r) be the first derivative of -r**2/2 + 3*r + 104. Determine c(3).
0
Suppose w + 2 = 4. Suppose 0 = -2*b - 4*s - s - 9, 0 = 5*b - 4*s - 27. Let k(p) = -b + 1 - 2*p**3 - 3*p + 1 + p**2 + 5*p. Calculate k(w).
-9
Let i be (-12)/2 + 3 + (2 - -24). Let s(u) = -48*u**2 - 4*u + i*u**2 - 6 + 26*u**2. What is s(6)?
6
Suppose 3*l - 6*l = -b + 18, 4*b = 2*l + 2. Let k(h) = h**2 + 7*h - 10. Give k(l).
-10
Let g(y) = -y**3 - y**2 + y + 2. Suppose -3*f = f + 8. Let m be g(f). Let w(q) be the second derivative of q**5/20 - q**4/4 - 2*q**3/3 - q**2 - q. What is w(m)?
-2
Suppose -3*l - 16 = -v, -24 = 2*v - 6*v + 2*l. Let q(n) = -n**3 + 5*n**2 - n + 3. Determine q(v).
15
Let r(v) be the third derivative of -v**6/360 - v**5/30 + v**4/6 - 5*v**3/3 + 20*v**2. Let s(q) be the first derivative of r(q). Give s(-4).
4
Let i(z) = -z**2 - 28*z - 153. Let m be i(-21). Let v(r) be the first derivative of r**4/4 + 5*r**3/3 - 3*r**2 + r + 2. What is v(m)?
1
Let l(u) = u - 1. Suppose 0 = 2*s - 2 + 10, 2*o - 2*s + 4 = 0. Calculate l(o).
-7
Let x be (132/(-154))/(6/(-14)). Let k(d) be the second derivative of 3*d + 1/4*d**4 + 2/3*d**3 + 0 + 3/2*d**x. Calculate k(-2).
7
Let n(z) = 5*z**2 - 2*z + 2. Let p = 1 + 1. Let j(w) = -6*w - 6*w + 11*w + p + 4*w**2. Let a(f) = 3*j(f) - 2*n(f). Determine a(2).
12
Let h(w) = 2*w**2 + 11*w - 12. Let u = 42 - 48. Calculate h(u).
-6
Suppose -3*v - 35 = -20. Let c(b) = b + 5. Determine c(v).
0
Suppose 4*a = -5*h + 27, -4*h - 3*a = -h - 18. Suppose s - 2 = h*s. Let x(o) be the second derivative of -7*o**5/20 - o**4/12 + o**2/2 - 2*o. What is x(s)?
7
Suppose 20 = -12*w + 16*w. Let c(f) = f**2 - 3*f. Give c(w).
10
Let z(x) = x**2 + 10*x - 9. Let h be z(-11). Let m(u) = -2*u**2 + u. Let d be m(h). Let c(k) be the third derivative of k**4/24 + k**3/2 - 2*k**2. What is c(d)?
-3
Suppose -36*w + 16*w = 0. Let o(u) = u**2 - 3*u + 3. Determine o(w).
3
Let i(m) be the first derivative of m**4/4 - m**3/3 - 32*m - 70. Give i(0).
-32
Suppose 139*t - 37 = -3*o + 135*t, 2*o - 34 = -4*t. Let u(r) = 2*r - 3*r + 0 + 1 + r**2. Calculate u(o).
7
Suppose -j + 5*d + 17 = 0, 4*j + 0*d = 5*d + 38. Let s(n) = -4*n + 22. Determine s(j).
-6
Let w(d) = d**3 + 2*d**2 - 3. Let j = -16 - -20. Suppose 5*a + 19 = j. Calculate w(a).
-12
Let i(p) be the third derivative of -p**5/60 + p**4/24 - p**3/6 + 2*p**2 - 36*p. Let h = -1 + 2. Calculate i(h).
-1
Let i(j) = -4*j + 10. Let z be i(2). Let b(s) = -3*s**z + 3*s + 4 - 3*s + s**3 - 3*s. Calculate b(3).
-5
Let k(b) = -2*b**2 - 4*b + 5*b**2 - b**2 + 1 + 5*b. Let u be k(-2). Let x(l) = -l - 7. What is x(u)?
-14
Let d(g) = 2*g**3 - 22*g**2 - 18*g - 7. Let z(p) = -3*p**3 + 42*p**2 + 35*p + 14. Let c(a) = -5*d(a) - 3*z(a). Give c(-15).
-7
Let d(b) be the first derivative of -b**2/2 - 7*b - 4. Suppose -9*z - 51 + 6 = 0. Determine d(z).
-2
Let h be 68/(-11) + (-15)/(1980/(-24)). Let l(c) = -c**3 - 6*c**2 - 2*c + 6. What is l(h)?
18
Let d(j) = -22*j - 188. Let k(r) = 6*r + 46. Let h(m) = 2*d(m) + 9*k(m). Calculate h(-4).
-2
Let l(s) be the second derivative of -s**3/6 - 8*s**2 + 370*s. What is l(-16)?
0
Suppose 12 = -4*x, -5*x - 15 = l - 3*l. Let s(h) = l*h**2 - 6*h - 5*h**2 + 4*h**2 + 9*h - 1. Calculate s(1).
1
Let w(a) = -a**2 - 2*a + 5. Suppose -5*x + 22 = l, -4*l - x + 43 - 50 = 0. Determine w(l).
2
Let z(d) = -6*d - d**2 - 34 + 17 + 15 + 5. Suppose -o + 9 = -f, 2*f - 3*o - 8 = 4*f. Give z(f).
-4
Let q be (2/(-4))/((-3)/24). Let v = q - -1. Let f(s) = -7*s**2 - 23. Let z(t) = t**2 + t + 3. Let i(r) = f(r) + 6*z(r). What is i(v)?
0
Let m(o) = -28605*o + 28596*o - 4 - 2*o**2 - 5. Calculate m(-4).
-5
Let t be (-11)/((-44)/40) + -11. Let k(w) = -5*w + 3. What is k(t)?
8
Let i = 4 - 2. Let n(d) = i*d - 1 + 1 - 7. Calculate n(6).
5
Let y(a) be the third derivative of a**6/72 - a**5/120 - a**4/24 - 5*a**3/3 + 12*a**2. Let u(w) be the first derivative of y(w). Determine u(-1).
5
Let m(u) be the first derivative of u**2/2 - 8*u - 1. Suppose 79 = 6*r - 89. Suppose 3*d - r = -d. What is m(d)?
-1
Suppose -x + 3*o + 0*o + 5 = 0, -3*o = 2*x - 19. Let b be ((-5)/2)/(x/(-16)). Let u(q) be the first derivative of q**2 - 7*q + 1. Determine u(b).
3
Let w(g) = -798 - 2*g**2 + g**3 + 397 + g**3 + 399. What is w(2)?
6
Let y be (2 + -1)*(15 + -10). Let z(t) be the third derivative of -t**6/120 + t**5/12 - t**4/24 + t**3/2 + 7*t**2 + 12. Give z(y).
-2
Let n(d) = -27*d + 25*d - 18 + 5. Determine n(-10).
7
Suppose -h - 2*d = -0*h + 11, -h - 11 = -4*d. Let m(i) = -i - 5. Calculate m(h).
6
Let f(k) be the second derivative of -k**6/120 + k**5/15 + k**4/4 - k**3/3 + 7*k**2/2 + 14*k. Let n(r) be the first derivative of f(r). Give n(5).
3
Let s(d) be the first derivative of 3*d**2 - 4*d - 185. Give s(7).
38
Let w be (-7 - -3) + 0 + 11. Let h = -7 + w. Let y(t) be the first derivative of t**3/3 + 15*t - 1. Give y(h).
15
Let t(p) = 10*p + 1. Let n(k) = -27*k - 1. Let a(d) = -n(d) - 2*t(d). Let g = 2 + -3. Calculate a(g).
-8
Let t(a) = 7*a**3 - 8*a**2 - a + 5. Suppose 0*q = -k - q + 5, -3*q = 5*k - 17. Le